 - 1219 = 0, -11*v + 10*v + 4*y = -1251. What are the prime factors of v?
5, 13, 19
Let d = -30 - -26. What are the prime factors of (-1153)/(-15) + d/(-30)?
7, 11
Let n(i) = i**3 - 38*i**2 - 3*i + 163. What are the prime factors of n(39)?
1567
Suppose -o + 0*o - 1 = 0. Let a be (-2)/(-2) - (63/9)/7. What are the prime factors of (-44)/o - (-2 - a)?
2, 23
Suppose -4*h = 4*l - 1996, 0 = -3*l + 2*h - 329 + 1836. What are the prime factors of l?
3, 167
List the prime factors of 6 + (-9)/((-54)/1650).
281
Let w(k) = 65*k + 101. What are the prime factors of w(4)?
19
Let j = 20 - 11. Let c(r) = -r**2 + 10*r - 4. Let p be c(j). Suppose 7*x - 2*x = y + 172, p*y = -5*x + 160. List the prime factors of x.
2, 17
Suppose -497 = -5*m + 4*q - q, 2*q = 2*m - 198. Let c = m - 52. Suppose -3*x = 5*g - 4*x - 108, -2*x = 2*g - c. What are the prime factors of g?
2, 11
Suppose -10*h = -3826 - 37024. What are the prime factors of h?
5, 19, 43
Suppose -18416 = -9*h + 15046. List the prime factors of h.
2, 11, 13
Suppose -24*q = 33*q - 7695. List the prime factors of q.
3, 5
Suppose -2*i + 25 = z, -2*i - z + 53 = 2*i. Suppose -a = -5*r - 0*a + 365, -4*a = 3*r - 242. List the prime factors of 24/(-84) + r/i.
5
Suppose 2*p - u - 15 = 46, 5*p - 155 = 2*u. Suppose 5*h - 4*i + p = 183, 3*i = 3*h - 90. What are the prime factors of h?
2, 3, 5
Let c = 39 + -20. Let s = 12 - c. What are the prime factors of 74/4 - s/(-14)?
2, 3
Let h = 1308 + 4104. What are the prime factors of h?
2, 3, 11, 41
Let w be (-6)/(-21) - (-6)/(-21). Suppose -7*a + 4*a + 60 = w. List the prime factors of a.
2, 5
Let c(i) be the third derivative of 0*i - 2*i**2 + 1/24*i**4 - 1/2*i**3 + 1/120*i**6 + 0 + 1/12*i**5. List the prime factors of c(-3).
2, 3
Let h be (-72)/60*10/(-3). Suppose -h*s + 49 = -247. Suppose 2*n + 2*m + 3 = 23, s = 5*n - 3*m. What are the prime factors of n?
13
Let i be 114/(-4) - (-4)/(-8). What are the prime factors of -5 + 7 - i*5?
3, 7
Let w(a) = -2*a**2 + 11*a. Let u be w(5). Suppose 0 = -r + u + 42. List the prime factors of r.
47
Let d be (-5 + -1 + 2)*69/(-6). Suppose -d*g = -44*g - 30. What are the prime factors of g?
3, 5
Let h(a) = -8*a**2 + 124*a + 28. List the prime factors of h(14).
2, 7
Suppose -6568 = -18*a - 1402. Suppose -a = -u - 6*u. List the prime factors of u.
41
Let c = 1 + -60. Let j = c + 119. Let u = j + -43. List the prime factors of u.
17
Let l = 651 + -355. Suppose 649 = 7*p - l. What are the prime factors of p?
3, 5
Let x = 10 - 5. Suppose 0 = 7*l - x*l + 160. Let p = -50 - l. What are the prime factors of p?
2, 3, 5
Suppose 4*i - 4 = -2*f + 6, 0 = -5*f - 5*i + 40. Let w(b) = b**3 - 5*b**2 + 7*b. Let x be w(4). Suppose -59 = -x*q + f*q. List the prime factors of q.
59
Let n(a) = -a**3 + 9*a**2 - a - 4. List the prime factors of n(7).
3, 29
List the prime factors of (-3)/(-12) + 1941/12.
2, 3
Let a be (12 - 11)*(-373 + 2 - -2). Let d = -172 - a. What are the prime factors of d?
197
Let f(s) = -93*s - 16. What are the prime factors of f(-13)?
1193
Let r be (4 + 45/6)*2. Suppose 3*u = -3*x - 3, -6*x - r = -u - x. Suppose 0 = -v + 4*n + 26 + 10, -4*v - u*n = -68. List the prime factors of v.
2, 5
Let j be 1/(-5) + 4/20. Suppose 0 = -o - 4*a + 7 + 46, j = 2*o + 3*a - 106. List the prime factors of o.
53
Suppose 0 = -j - 60 + 62. List the prime factors of j.
2
Let f be 4 + (-5)/(-10)*-4. Let m(b) = -7*b**2 + 2*b - 2 + 5*b**f - 2 + 3*b**2. What are the prime factors of m(-4)?
2
Suppose q - 3*q - 30 = 0. Let t(r) = -r**3 - 16*r**2 - 14*r + 12. Let g be t(q). What are the prime factors of 4/((-1)/12*g)?
2
Let r(v) = -32*v + 154. List the prime factors of r(-12).
2, 269
Suppose 3362 - 1362 = -5*n. Let h = 647 + n. List the prime factors of h.
13, 19
Suppose l + 371 = 3*l + o, -4*l + 757 = -o. Let d = l + -73. List the prime factors of d.
5, 23
Let p(j) = 7*j + 6. Let a be p(9). Suppose -u - u + 74 = -4*f, 0 = -2*u + 5*f + a. List the prime factors of u.
47
Let p(d) = d**2 + 2*d - 1. Let w be (-5 - -9)*1/2. Let z be p(w). Let h = z + 15. What are the prime factors of h?
2, 11
Let p = -5 + -13. Let s be 266/p + (-2)/9. What are the prime factors of (s/(-12))/(1/12)?
3, 5
Suppose 9*w - w = 40. Suppose x - 51 = -5*a, -w*x - 1 + 6 = 0. List the prime factors of a.
2, 5
Let h(x) = -25*x + 50. List the prime factors of h(-3).
5
Let d(g) = g**3 - 7 + 7 + g + 4. Let r be d(0). Suppose k - r - 2 = 0. List the prime factors of k.
2, 3
Let v be -8*1/2 + 88. Suppose -2*b - 16 = -v. List the prime factors of b.
2, 17
Let t = 1 - 7. Let h = t - -16. Let c(a) = -2*a**2 + 22*a - 8. What are the prime factors of c(h)?
2, 3
Let m be -7 + 5 + (-1 - -8). Let a be (39/13)/((-3)/(-67)). Suppose 133 + a = m*h. What are the prime factors of h?
2, 5
Let k(w) = w**2 + 17. Let m be k(7). Suppose 3*u = 96 + m. What are the prime factors of u?
2, 3
Let f = -17 + 20. Suppose 0*p + 15 = f*p. Suppose 0 = -p*u + 4*u + 28. List the prime factors of u.
2, 7
Let q(j) = -j**3 - 8*j**2 - j - 6. Let h be q(-8). Suppose h*i = 7*i - 1150. What are the prime factors of i?
2, 5, 23
Let q(c) = 25*c**2 + c - 13. What are the prime factors of q(4)?
17, 23
Let l(a) be the third derivative of -a**4/6 + a**3/3 - a**2. Let t be -3*(-3 + 1 + 3). List the prime factors of l(t).
2, 7
What are the prime factors of 2/(4/2)*(565 + 179)?
2, 3, 31
Suppose 0 = -2*u - 7 + 9. Let o = 8 + u. List the prime factors of o/6 + 106/4.
2, 7
Let u be ((-62)/4)/((-1)/2). Let s be 0 + u + (-1 - -2). Let l = 72 - s. List the prime factors of l.
2, 5
Let d(v) be the third derivative of -v**5/60 - 3*v**4/4 + 14*v**3/3 - v**2 - 3*v. List the prime factors of d(-14).
2, 3, 7
Let z = -285 - -1479. List the prime factors of z.
2, 3, 199
Let h be (1 - 4)*8/(-6). Suppose 0 = -2*n + h*n - 40. Suppose -n = -3*d + 64. List the prime factors of d.
2, 7
Suppose -4*r + 1891 = 2*p - 3*p, 0 = -r + 4*p + 469. List the prime factors of r.
11, 43
Let t = -7 - -9. Suppose -p + i = -7, 0 = 2*p - 3*p + t*i + 11. Suppose 62 = p*q - 22. What are the prime factors of q?
2, 7
Let m be 3 - 1 - (-120)/4. Let a = m + -12. Suppose 0*y + z = 4*y - 25, a = 2*y + 2*z. List the prime factors of y.
7
Let k(g) = -g**2 - 1. Let q(r) = 8*r**2 - 5*r + 4. Let w(v) = 6*k(v) + q(v). Let z be w(4). Let a(c) = c**2 - 7*c - 10. List the prime factors of a(z).
2, 5
Let y be 1*(28 - (-3 - -5)). Let f = -8 + y. What are the prime factors of f?
2, 3
Let b(l) = 342*l - 23. List the prime factors of b(1).
11, 29
Suppose -4*u = -4*t - 30 - 14, -2*u - 2 = 0. Let y(f) = -f**3 - f**2 + f. Let v be y(-3). Let m = v - t. List the prime factors of m.
3
Let h be 339/6 - 15/(-10). Let s = h + -46. List the prime factors of s.
2, 3
Let d(g) = g**2 + g + 13. Suppose 3*x = -5*n - 5 + 6, n = x - 11. What are the prime factors of d(x)?
3, 23
Let p = -304 - -2161. List the prime factors of p.
3, 619
Suppose -38 = -5*o - 8. Suppose 3*n = o*n - 18. Suppose -n*k - 20 = -7*k. What are the prime factors of k?
2, 5
What are the prime factors of ((-40)/(-60))/(1*(-2)/(-8157))?
2719
Suppose -3*m + 2*i = -6, 5*m + 5*i - 36 = -1. Suppose -u = m*u - 10. Suppose 0*k = -u*k + 58. List the prime factors of k.
29
Let h be 552/90 - 2/15. Suppose -8*k - 96 = -3*l - 3*k, -2*l = 4*k - 42. Suppose -7*z + h*z = -l. What are the prime factors of z?
3
Let c = -10 + 12. Suppose -c*l = l - 141. What are the prime factors of l?
47
Let s(g) = -5*g**2 - 42*g - 23. Let q(n) = 3*n**2 + 22*n + 11. Let w(h) = 7*q(h) + 4*s(h). What are the prime factors of w(-9)?
2, 3
Suppose -11810 = -5*f + 5365. What are the prime factors of f?
3, 5, 229
Suppose 21*r = -8*r + 118581. What are the prime factors of r?
3, 29, 47
Suppose -50*t = -47*t - 744. Suppose -26*n = -22*n - t. What are the prime factors of n?
2, 31
Let i = 0 - -638. Suppose -10*t + i = -8*t. What are the prime factors of t?
11, 29
Let m(s) = 88*s + 24. List the prime factors of m(5).
2, 29
Let s = 1538 + -754. List the prime factors of s.
2, 7
Suppose 0 = 2*s - 6, 5*b = 3*b + 3*s - 33. Let o(v) = 2*v - 73. Let w(q) = q - 49. Let u(t) = -5*o(t) + 7*w(t). What are the prime factors of u(b)?
2, 29
Let k = -11 - -11. Let l(d) = -d**2 - d. Let i be l(k). Suppose -3*x - 51 = -3*n, i = -n - 2*x + 5*x + 15. List the prime factors of n.
2, 3
Let b(h) = 1 - 2*h**2 - 4*h + h**3